lse
Is 517659487 prime?
False
Is 122267929 a composite number?
True
Is 9519791 composite?
True
Is 567689 a composite number?
False
Is 31339697 a composite number?
False
Is 320236529 prime?
False
Is 12790598 composite?
True
Is 4035677 prime?
True
Is 1110407 prime?
False
Is 4461649 a composite number?
False
Is 7241314 composite?
True
Is 40055299 composite?
False
Is 5694389 prime?
True
Is 476149 composite?
True
Is 110989 a composite number?
False
Is 124871207 composite?
True
Is 54080395 a composite number?
True
Is 1248283 a composite number?
True
Is 111411229 composite?
False
Is 523727 a composite number?
True
Is 297418277 composite?
True
Is 39139687 a prime number?
True
Is 1910563 composite?
True
Is 20582473 composite?
False
Is 5980781 a prime number?
True
Is 29851397 prime?
False
Is 2760913 a prime number?
True
Is 526117 prime?
True
Is 30746887 prime?
True
Is 1576207 composite?
True
Is 49594937 a composite number?
True
Is 356123 a prime number?
True
Is 1938907 prime?
True
Is 147825079 a composite number?
True
Is 1480382639 prime?
True
Is 72745411 composite?
False
Is 19666357 a prime number?
False
Is 20798311 composite?
True
Is 1820927 a prime number?
True
Is 302797561 composite?
True
Is 13148477 a composite number?
True
Is 729745 a prime number?
False
Is 1486241 a composite number?
False
Is 89087821 a prime number?
True
Is 189650507 composite?
False
Is 137174501 a composite number?
False
Is 7536261 a composite number?
True
Is 638207 composite?
True
Is 53673187 composite?
False
Is 173517 a composite number?
True
Is 10139755 a composite number?
True
Is 104547011 a prime number?
True
Is 9675217 composite?
True
Is 2148197 composite?
True
Is 8869771 a composite number?
False
Is 19850131 a composite number?
True
Is 5578723 a prime number?
False
Is 5680783 a prime number?
True
Is 697237 a composite number?
True
Is 27899773 a composite number?
True
Is 461381 a composite number?
False
Is 17959501 composite?
True
Is 297119 prime?
False
Is 9935983 a prime number?
False
Is 8003447 a composite number?
True
Is 1528991 composite?
True
Is 27906545 a prime number?
False
Is 145253 composite?
False
Is 5655721 composite?
False
Is 563366719 a composite number?
False
Is 48303721 prime?
True
Is 5997493 prime?
False
Is 39969123 composite?
True
Is 6210863 composite?
False
Is 6319011 a prime number?
False
Is 5998757 a prime number?
True
Is 13923389 composite?
False
Is 352757 composite?
False
Is 7224017 composite?
True
Is 11436911 a prime number?
False
Is 12407881 a prime number?
False
Is 200292637 a prime number?
True
Is 368247289 prime?
True
Is 132631627 a composite number?
True
Is 10444439 a composite number?
False
Is 107287381 a composite number?
True
Is 785639 a prime number?
False
Is 10819517 composite?
False
Is 4361323 prime?
True
Is 218557861 a composite number?
False
Is 717907 a prime number?
False
Is 3571159 a prime number?
False
Is 1356041 a composite number?
True
Is 10303807 composite?
False
Is 151409221 a prime number?
True
Is 121751 a prime number?
False
Is 34383113 a composite number?
True
Is 440863627 prime?
True
Is 2348323 prime?
False
Is 37745411 composite?
True
Is 28305874 composite?
True
Is 3276457 composite?
False
Is 21441053 prime?
False
Is 2576623 composite?
True
Is 9858349 a composite number?
False
Is 577469 a prime number?
False
Is 10634869 prime?
False
Is 31440733 a prime number?
True
Is 23637427 a prime number?
False
Is 56116805 a composite number?
True
Is 1916399 composite?
True
Is 12287663 a prime number?
False
Is 80125601 composite?
False
Is 3599288567 a prime number?
False
Is 76710397 prime?
False
Is 310081 composite?
False
Is 29138614 a prime number?
False
Is 493499 composite?
True
Is 8051987 prime?
False
Is 60425257 a composite number?
False
Is 892049 composite?
False
Is 90781681 a prime number?
True
Is 4253729 a composite number?
True
Is 219467 composite?
False
Is 590073223 composite?
False
Is 288476081 prime?
True
Is 12331697 composite?
True
Is 28212403 a prime number?
True
Is 9924281 a prime number?
False
Is 15836467 prime?
False
Is 786082433 composite?
False
Is 526574287 a composite number?
False
Is 7968403 composite?
True
Is 24321841 composite?
True
Is 119724793 a prime number?
False
Is 74742347 prime?
False
Is 154898267 prime?
True
Is 37605101 composite?
True
Is 37472251 prime?
False
Is 1601456629 composite?
True
Is 938743 a prime number?
False
Is 340281437 composite?
False
Is 5451833 a prime number?
True
Is 74757031 a composite number?
False
Is 11426407 composite?
False
Is 684241 a composite number?
True
Is 490151 a composite number?
False
Is 212647 composite?
True
Is 2506811 composite?
True
Is 6322451 composite?
False
Is 345716279 prime?
False
Is 11310179 a prime number?
True
Is 1697027 prime?
True
Is 443282443 a prime number?
True
Is 26913559 prime?
False
Is 21452369 a prime number?
False
Is 9220789 prime?
False
Is 26465667 prime?
False
Is 3372503 a composite number?
False
Is 22399547 composite?
False
Is 3724559 composite?
False
Is 13395531 a prime number?
False
Is 85933273 a composite number?
True
Is 6567367 a prime number?
True
Is 5294473 prime?
True
Is 154943 a composite number?
False
Is 62050393 composite?
True
Is 3590039 a composite number?
False
Is 186611323 a prime number?
True
Is 4397893 composite?
False
Is 116163409 composite?
True
Is 64487963 composite?
False
Is 62561621 a prime number?
True
Is 3275539 a prime number?
False
Is 13053031 composite?
True
Is 1361357 a prime number?
True
Is 27696559 composite?
True
Is 160902851 a prime number?
True
Is 10880007 composite?
True
Is 30471401 prime?
True
Is 2144117 prime?
True
Is 92348501 a composite number?
True
Is 366601841 a composite number?
False
Is 1130407 prime?
True
Is 47538305 a prime number?
False
Is 81754187 a prime number?
False
Is 1315271 composite?
True
Is 1292623313 a composite number?
False
Is 225569 a composite number?
False
Is 5194337 a prime number?
True
Is 24056677 composite?
False
Is 10350799 prime?
True
Is 6535615 prime?
False
Is 185562029 prime?
True
Is 14758927 a composite number?
True
Is 5710931 prime?
False
Is 40124699 prime?
False
Is 193366837 composite?
False
Is 20575433 a prime number?
True
Is 1947646 composite?
True
Is 47472461 composite?
False
Is 9259751 composite?
False
Is 34617131 a composite number?
False
Is 47434559 a prime number?
False
Is 216829255 a composite number?
True
Is 87567847 composite?
False
Is 9499169 a composite number?
True
Is 3300701 a composite number?
True
Is 44688731 a composite number?
False
Is 51495337 a prime number?
True
Is 28444253 a composite number?
False
Is 8200271 a prime number?
True
Is 8043949 composite?
False
Is 262007 composite?
False
Is 14719577 a composite number?
False
Is 128210633 a composite number?
False
Is 942943 prime?
True
Is 44647469 a prime number?
True
Is 7213839 prime?
False
Is 2087147 composite?
False
Is 11549419 prime?
False
Is 1403057 a prime number?
True
Is 3733663 a composite number?
True
Is 27645883 a prime number?
True
Is 207957119 prime?
True
Is 272789563 composite?
False
Is 5546033 composite?
True
Is 1774135853 composite?
True
Is 105935623 composite?
False
Is 46808087 composite?
True
Is 4207235 composite?
True
Is 1937917 composite?
False
Is 434111109 a prime number?
False
Is 8147857 a composite number?
False
Is 8049353 a prime number?
False
Is 24700463 composite?
False
Is 40724429 a composite number?
True
Is 20932607 composite?
False
Is 21893813 composite?
False
Is 2217427 a composite number?
True
Is 370188547 a composite number?
True
Is 81661 prime?
False
Is 1597 composite?
False
Is 458554597 a prime number?
False
Is 15311201 composite?
False
Is 10734917 composite?
True
Is 2718601 a composite number?
False
Is 152352983 a prime number?
True
Is 11744017 composite?
True
Is 716546 a composite number?
True
Is 23262943 prime?
False
Is 2421422 a prime number?
False
Is 13273027 a prime number?
False
Is 199709767 composite?
False
Is 22679327 prime?
False
Is 38542571 a prime number?
True
Is 4061933 composite?
True
Is 577307 prime?
True
Is 209327081 prime?
True
Is 64543889 a composite number?
False
Is 22983347 a composite number?
True
Is 1663091 composite?
False
Is 2816899 a prime number?
True
Is 1981297 a composite number?
False
Is 8295503 composite?
False
Is 2308238 a composite number?
True
Is 1